{"id":9189,"date":"2021-06-18T16:11:17","date_gmt":"2021-06-18T14:11:17","guid":{"rendered":"https:\/\/bijouxml.fr\/espace-bijoutier\/?post_type=product&#038;p=9189"},"modified":"2022-10-18T15:28:12","modified_gmt":"2022-10-18T13:28:12","slug":"plaquette-enfants-12-paires","status":"publish","type":"product","link":"https:\/\/www.bijouxml.fr\/espace-bijoutier\/produit\/plaquette-enfants-12-paires\/","title":{"rendered":"Plaquette Enfants 12 paires"},"content":{"rendered":"","protected":false},"excerpt":{"rendered":"<p>Syst\u00e8me \u00e0 vis (syst\u00e8me silicone -1,5\u20ac)<\/p>\n<p>Le module 1 comprend :\u00a0<span class=\"JsGRdQ\">P9K11138LAVIS &#8211;\u00a0<\/span><span class=\"JsGRdQ\">P9K13803VIS &#8211;\u00a0<\/span><span class=\"JsGRdQ\">P9K11234LAVIS &#8211;\u00a0<\/span><span class=\"JsGRdQ\">P9K5011VIS &#8211;\u00a0<\/span><span class=\"JsGRdQ\">P9K436VIS &#8211;\u00a0<\/span><span class=\"JsGRdQ\">P9K14501VIS &#8211;\u00a0<\/span><span class=\"JsGRdQ\">P9K13778VIS &#8211;\u00a0<\/span><span class=\"JsGRdQ\">P9k3744VIS &#8211;\u00a0<\/span><span class=\"JsGRdQ\">P9K13538VIS &#8211;\u00a0<\/span><span class=\"JsGRdQ\">P9K37784VIS &#8211;\u00a0<\/span><span class=\"JsGRdQ\">P9K3745VIS &#8211;\u00a0<\/span><span class=\"JsGRdQ\">P9K10548GVIS<\/span><\/p>\n","protected":false},"featured_media":9190,"template":"","meta":[],"product_cat":[296,294],"product_tag":[],"yoast_head":"<!-- This site is optimized with the Yoast SEO plugin v16.5 - https:\/\/yoast.com\/wordpress\/plugins\/seo\/ -->\n<title>Plaquette Enfants 12 paires - Espace Bijoutier - Bijoux ML<\/title>\n<meta name=\"robots\" content=\"index, follow, max-snippet:-1, max-image-preview:large, max-video-preview:-1\" \/>\n<link rel=\"canonical\" href=\"https:\/\/www.bijouxml.fr\/espace-bijoutier\/produit\/plaquette-enfants-12-paires\/\" \/>\n<meta property=\"og:locale\" content=\"fr_FR\" \/>\n<meta property=\"og:type\" content=\"article\" \/>\n<meta property=\"og:title\" content=\"Plaquette Enfants 12 paires - Espace Bijoutier - Bijoux ML\" \/>\n<meta property=\"og:description\" content=\"Syst\u00e8me \u00e0 vis (syst\u00e8me silicone -1,5\u20ac)  Le module 1 comprend :\u00a0P9K11138LAVIS -\u00a0P9K13803VIS -\u00a0P9K11234LAVIS -\u00a0P9K5011VIS -\u00a0P9K436VIS -\u00a0P9K14501VIS -\u00a0P9K13778VIS -\u00a0P9k3744VIS -\u00a0P9K13538VIS -\u00a0P9K37784VIS -\u00a0P9K3745VIS -\u00a0P9K10548GVIS\" \/>\n<meta property=\"og:url\" content=\"https:\/\/www.bijouxml.fr\/espace-bijoutier\/produit\/plaquette-enfants-12-paires\/\" \/>\n<meta property=\"og:site_name\" content=\"Espace Bijoutier - Bijoux ML\" \/>\n<meta property=\"article:modified_time\" content=\"2022-10-18T13:28:12+00:00\" \/>\n<meta property=\"og:image\" content=\"https:\/\/www.bijouxml.fr\/espace-bijoutier\/wp-content\/uploads\/2021\/06\/PLAQUETTE-ENFANT.png\" \/>\n\t<meta property=\"og:image:width\" content=\"1080\" \/>\n\t<meta property=\"og:image:height\" content=\"1080\" \/>\n<meta name=\"twitter:card\" content=\"summary_large_image\" \/>\n<script type=\"application\/ld+json\" class=\"yoast-schema-graph\">{\"@context\":\"https:\/\/schema.org\",\"@graph\":[{\"@type\":\"WebSite\",\"@id\":\"https:\/\/www.bijouxml.fr\/espace-bijoutier\/#website\",\"url\":\"https:\/\/www.bijouxml.fr\/espace-bijoutier\/\",\"name\":\"Espace Bijoutier - Bijoux ML\",\"description\":\"\",\"potentialAction\":[{\"@type\":\"SearchAction\",\"target\":\"https:\/\/www.bijouxml.fr\/espace-bijoutier\/?s={search_term_string}\",\"query-input\":\"required name=search_term_string\"}],\"inLanguage\":\"fr-FR\"},{\"@type\":\"ImageObject\",\"@id\":\"https:\/\/www.bijouxml.fr\/espace-bijoutier\/produit\/plaquette-enfants-12-paires\/#primaryimage\",\"inLanguage\":\"fr-FR\",\"url\":\"https:\/\/www.bijouxml.fr\/espace-bijoutier\/wp-content\/uploads\/2021\/06\/PLAQUETTE-ENFANT.png\",\"contentUrl\":\"https:\/\/www.bijouxml.fr\/espace-bijoutier\/wp-content\/uploads\/2021\/06\/PLAQUETTE-ENFANT.png\",\"width\":1080,\"height\":1080},{\"@type\":\"WebPage\",\"@id\":\"https:\/\/www.bijouxml.fr\/espace-bijoutier\/produit\/plaquette-enfants-12-paires\/#webpage\",\"url\":\"https:\/\/www.bijouxml.fr\/espace-bijoutier\/produit\/plaquette-enfants-12-paires\/\",\"name\":\"Plaquette Enfants 12 paires - Espace Bijoutier - Bijoux ML\",\"isPartOf\":{\"@id\":\"https:\/\/www.bijouxml.fr\/espace-bijoutier\/#website\"},\"primaryImageOfPage\":{\"@id\":\"https:\/\/www.bijouxml.fr\/espace-bijoutier\/produit\/plaquette-enfants-12-paires\/#primaryimage\"},\"datePublished\":\"2021-06-18T14:11:17+00:00\",\"dateModified\":\"2022-10-18T13:28:12+00:00\",\"breadcrumb\":{\"@id\":\"https:\/\/www.bijouxml.fr\/espace-bijoutier\/produit\/plaquette-enfants-12-paires\/#breadcrumb\"},\"inLanguage\":\"fr-FR\",\"potentialAction\":[{\"@type\":\"ReadAction\",\"target\":[\"https:\/\/www.bijouxml.fr\/espace-bijoutier\/produit\/plaquette-enfants-12-paires\/\"]}]},{\"@type\":\"BreadcrumbList\",\"@id\":\"https:\/\/www.bijouxml.fr\/espace-bijoutier\/produit\/plaquette-enfants-12-paires\/#breadcrumb\",\"itemListElement\":[{\"@type\":\"ListItem\",\"position\":1,\"name\":\"Accueil\",\"item\":\"https:\/\/www.bijouxml.fr\/espace-bijoutier\/bijoux-ml-2\/\"},{\"@type\":\"ListItem\",\"position\":2,\"name\":\"Boutique\",\"item\":\"https:\/\/www.bijouxml.fr\/espace-bijoutier\/?page_id=16\"},{\"@type\":\"ListItem\",\"position\":3,\"name\":\"Plaquette Enfants 12 paires\"}]}]}<\/script>\n<!-- \/ Yoast SEO plugin. -->","_links":{"self":[{"href":"https:\/\/www.bijouxml.fr\/espace-bijoutier\/wp-json\/wp\/v2\/product\/9189"}],"collection":[{"href":"https:\/\/www.bijouxml.fr\/espace-bijoutier\/wp-json\/wp\/v2\/product"}],"about":[{"href":"https:\/\/www.bijouxml.fr\/espace-bijoutier\/wp-json\/wp\/v2\/types\/product"}],"wp:featuredmedia":[{"embeddable":true,"href":"https:\/\/www.bijouxml.fr\/espace-bijoutier\/wp-json\/wp\/v2\/media\/9190"}],"wp:attachment":[{"href":"https:\/\/www.bijouxml.fr\/espace-bijoutier\/wp-json\/wp\/v2\/media?parent=9189"}],"wp:term":[{"taxonomy":"product_cat","embeddable":true,"href":"https:\/\/www.bijouxml.fr\/espace-bijoutier\/wp-json\/wp\/v2\/product_cat?post=9189"},{"taxonomy":"product_tag","embeddable":true,"href":"https:\/\/www.bijouxml.fr\/espace-bijoutier\/wp-json\/wp\/v2\/product_tag?post=9189"}],"curies":[{"name":"wp","href":"https:\/\/api.w.org\/{rel}","templated":true}]}}